 of k?
7
Let b be (-54)/3*(1 - -3). Let p = 115 + b. What is the tens digit of p?
4
Suppose 0 = 5*x + 14 - 244. What is the units digit of x?
6
Suppose 6 + 3 = 3*q - 2*o, 4*o = -4*q + 12. Suppose 4*v = q*d + 2*d + 99, v - d = 24. What is the units digit of v?
1
Let s(i) = 7*i**3 - 2*i**2 + 2*i - 1. Let k = 12 + -7. Let a = 6 - k. What is the units digit of s(a)?
6
Suppose 5*p - 17 = -4*c, -5*p + 4*c + 28 = -p. What is the tens digit of p/20 - (-191)/4?
4
Suppose -150 = 5*j - 10*j. Suppose -h = h - j. Suppose l = -0*l + h. What is the tens digit of l?
1
Suppose -164 = b - 5*b. What is the tens digit of b?
4
Let z be (-4)/(4*(-1)/(-6)). Let o be (-2 - (-5)/3)*z. What is the units digit of 52/12 + o/(-6)?
4
Let v(w) = -3*w - 11. Let f = -14 - -6. What is the tens digit of v(f)?
1
Let b(w) = -w**2 + 20*w + 21. What is the tens digit of b(16)?
8
Let w = 9 - 4. Suppose w*s = -2*q + 4*q - 40, -2*q = -3*s - 40. What is the tens digit of q?
2
Let c be 10*(2 + 8/(-10)). Let l be (3/(-6))/((-3)/c). Suppose 3 = -h + 4*h, 2 = p - l*h. What is the units digit of p?
4
Let z = -370 + 745. What is the hundreds digit of z?
3
Let x(w) be the second derivative of w**4/12 - 5*w**3/3 + 3*w**2 - 2*w. What is the units digit of x(10)?
6
Let c(x) = 24*x**2 - 8*x - 7. Let g(h) = 49*h**2 - 17*h - 15. Let b(a) = 13*c(a) - 6*g(a). What is the tens digit of b(-1)?
1
Suppose -d = -0 - 1. Suppose -5*q = -t - d, 0*t = -2*t + 8. What is the units digit of q?
1
Suppose 0 = -4*x - 5*m + 96 + 12, m = x - 27. What is the units digit of x?
7
Suppose -2*o = -4*o + 56. Let x = -19 + o. What is the units digit of x?
9
Let j(a) = 6*a - 12. Let o be j(6). Let z = 49 - o. What is the tens digit of z?
2
Let c(u) = 3*u - 1. What is the units digit of c(11)?
2
Let u(a) = -a**3 + 6*a**2 - 3*a + 1. Let h be u(5). Suppose -3*l + 2*l = -h. What is the tens digit of l?
1
Let k(z) = z**3 + 10*z**2 - 12*z - 16. Let g be k(-11). What is the units digit of 5/(-2)*6/g?
3
Let r = 23 - -22. What is the units digit of r?
5
Suppose -3*j + 6 = -6. Suppose -39 = -0*v - 4*v - 5*g, -3*v + j*g + 37 = 0. What is the tens digit of v?
1
Suppose 4*m + 4*i = 12 - 0, i = 2*m - 3. Suppose -w - 5*a = -15, -a - 15 = -m*w + 4*a. What is the units digit of w?
0
Suppose -7*p = -0*p - 2093. What is the tens digit of p?
9
Let r(d) = 2*d**3 - 3*d**2 + 3*d. Let q = -2 + 4. What is the tens digit of r(q)?
1
Let b(f) = f**2 - 7*f - 6. Let c be b(8). What is the units digit of 1 - (c - 7) - 2?
4
Suppose 5*g = 4*z - 0*g - 1080, 0 = z - 4*g - 281. What is the hundreds digit of z?
2
Let b(a) = -4*a**2 + a + 2. Let o(v) = 9*v**2 - 2*v - 5. Let z(h) = -5*b(h) - 2*o(h). Let i be (5 - 1)*(-2)/(-4). What is the units digit of z(i)?
6
Suppose -6*y + 76 = -2*y. Suppose 5*v - y = 36. What is the units digit of v?
1
Let k(s) = 22*s**2 + 8*s - 2. What is the tens digit of k(2)?
0
Let p(o) = -9*o**2 + 9*o + 11. Let c(s) = -5*s**2 + 5*s + 6. Let r(j) = 7*c(j) - 4*p(j). What is the units digit of r(4)?
0
Let a(h) = h**3 + 8*h**2 - 11*h - 6. What is the units digit of a(-9)?
2
Suppose 5*l - 11 - 4 = -n, 0 = -2*n + 5*l. Let b(p) = -p + 5. Let v(r) = -r + 5. Let d(y) = n*b(y) - 4*v(y). What is the units digit of d(0)?
5
Let z(y) be the second derivative of -1/20*y**5 - 1/3*y**3 + 1/2*y**2 + 0 + 5/12*y**4 - y. What is the units digit of z(2)?
9
Let v = 4 + -4. Suppose v = o + 3*o - 12. Suppose 0*i - i = -o. What is the units digit of i?
3
Let f(m) = m - 1. Let j be f(0). Let y = -13 - -21. What is the units digit of ((-3)/1 - y)*j?
1
Suppose o + 0*o = 0. Let g = -4 + 8. Suppose o = -g*v - 21 + 89. What is the units digit of v?
7
Suppose 4*r + r - 15 = 0. Suppose 3*v - d = -0*v + 13, 9 = 3*v - r*d. What is the units digit of v?
5
Let y(b) = b**2 + 7*b + 7. Let n be y(-7). Suppose 5*j - n - 13 = 0. What is the units digit of j?
4
Suppose -3*m + 47 = -2*v - 54, -3*m - 2*v + 97 = 0. What is the tens digit of m?
3
Let f = 10 + -2. Let n = 11 - f. What is the units digit of n + (1 - 1 - 2)?
1
Suppose 0 = 2*v - 65 - 157. What is the units digit of v?
1
Suppose 3*v + 4 = -l, -5*l - 80 = -3*v + 12. Let j = 30 + l. What is the units digit of j?
4
Suppose -5*j + 6*j = 0. Let a(h) = -h + 16. Let r(z) = 2*z - 31. Let v(g) = -11*a(g) - 6*r(g). What is the units digit of v(j)?
0
Suppose 4*d = 6*d - 4. Suppose -w + 25 = -d. What is the tens digit of w?
2
Suppose -5*a + 180 = 5*f, -3*f + 148 - 16 = -3*a. What is the units digit of f?
0
What is the tens digit of 102 + 1 + ((-60)/5)/(-4)?
0
Let n = 33 + 36. Suppose i = -3*u + n, -3*u + 16 + 53 = -2*i. Suppose 3*w - 7 = u. What is the units digit of w?
0
Let a(y) be the first derivative of y**3/3 + 7*y**2/2 + 2*y + 4. Let s be a(-7). Suppose -3*c + 1 = f, s*c - 4*c - 2 = 2*f. What is the units digit of c?
1
Let k(y) = y**3 + 5*y**2 + y + 8. Let x be (-2)/((-3)/(-18)*3). What is the units digit of k(x)?
0
Suppose -980 = -9*q + 424. What is the tens digit of q?
5
Suppose -2*g + 3*g - 5*b = 76, 0 = 4*g - 5*b - 259. What is the units digit of g?
1
Suppose 5*y - 256 = 2*x - 3*x, 3*y = 3*x + 150. What is the units digit of y?
1
Suppose 18*t + 354 = 20*t. What is the tens digit of t?
7
Let b(d) = d**3 + 26*d**2 - 27*d + 8. What is the units digit of b(-27)?
8
Let r be ((-156)/9)/((-2)/9). Suppose 5*m - m - 12 = 0. Suppose -m*j + 40 = 2*s, 4*s - r = -3*j - 2*j. What is the units digit of s?
7
Suppose -z + 0*s = 4*s - 101, -2*z + 162 = -2*s. What is the units digit of z?
5
Suppose 0*a = 3*a - 231. Suppose a = 3*y - 31. What is the units digit of y?
6
Suppose -7 = o - 22. Let y = o - 23. What is the units digit of 1/((-17)/y + -2)?
8
Let a = 36 + -19. Let v = a - -6. What is the units digit of v?
3
Suppose -5*u + 2 = -3*c - 12, 8 = -2*c + 3*u. What is the units digit of c?
2
Suppose 3*i = -2*a + 76, 4*i + 25 = 3*a + 98. What is the units digit of i?
2
What is the tens digit of 2 + 2598/9 + (-16)/24?
9
Let u(q) = -6*q**2 - 5 + 2*q**2 - 2 + 6*q + 0*q**3 - q**3. What is the tens digit of u(-6)?
2
Let c = 9 - -14. What is the units digit of c?
3
Let y(z) = -15*z**3 + z + 7*z**3 + 5*z**2 - 3*z**2. What is the units digit of y(-1)?
9
Suppose -8*y + 12*y - 68 = 0. What is the units digit of y?
7
Let f(w) = w**2 - 7*w - 9. Let i be f(8). Let n = 6 + -4. Let j = n + i. What is the units digit of j?
1
Suppose 3*d = 116 + 160. What is the units digit of d?
2
What is the units digit of 2/((-36)/(-3153)) + 1/(-6)?
5
Let i(u) = u**3 + 9*u**2 + 6*u - 13. Let w be i(-8). Let f(y) = -26*y + 12. Let p(a) = -17*a + 8. Let x(r) = 5*f(r) - 8*p(r). What is the tens digit of x(w)?
1
Let n be (-3 - -10) + (2 - 4). Suppose 13 = 4*y + k, -3*y + n*y - 9 = -k. Suppose 4*j - y = -2*f + 6, 3*j = -f + 5. What is the units digit of j?
1
Let i be (-1050)/(-40) + 3/4. Suppose -5 = -2*s + i. What is the units digit of s?
6
Suppose -l - l + 34 = 0. Suppose -7 = u - l. What is the units digit of 1 + 2/(4/u)?
6
Let x(q) = -q**2 + 6*q - 6. Let v = 12 - 7. Let z be x(v). What is the units digit of z/(2/(-2))*9?
9
What is the tens digit of (-3)/(-1 - (-98)/104)?
5
Let l(a) = -a**2 + 9*a + 8. Let f be (0 - 1)/((-7)/(-28)). Let x be (-2)/f*(-18)/(-1). What is the units digit of l(x)?
8
Let q(c) = 13 - 4*c + 2*c + c. Suppose 7*r = -f + 3*r - 4, -3*r - 3 = -5*f. What is the tens digit of q(f)?
1
Let s(d) = -d**2 - d - 7. Let g(j) = j**2 + 7. Let o(m) = 6*g(m) + 5*s(m). What is the units digit of o(5)?
7
Let b = -13 + 19. What is the tens digit of 128/b + (-1)/3?
2
Suppose 0 = -7*y + 2*y. Suppose 3*t = -2*w - 2*w + 201, y = -4*t + 12. What is the tens digit of w?
4
Let a = 21 + -2. Let d = a + -8. What is the tens digit of d?
1
Let j(h) = h + 1. Let t be j(10). Let z = 18 + t. What is the tens digit of z?
2
Let z(w) = w**2 - 5*w + 12. What is the units digit of z(8)?
6
Let n = -16 - -25. Let c be n + (-4 - -3)/1. Suppose -c*s = 2*h - 3*s - 7, -s = -4*h + 25. What is the units digit of h?
6
Suppose 5*w + 44 = 9. Let j be (1 + -2)/((-7)/w). What is the units digit of (1/(3/(-45)))/j?
5
Let s(x) = -x**3 + 5*x**2 + 3*x + 8. Let q be s(6). Let y be ((-8)/q)/((-1)/(-5)). Suppose 0 = -m - y*m + 5. What is the units digit of m?
1
Suppose 0*h + 66 = 2*h. Suppose 3*j = -a + 31, 3*j - 3*a = 18 + h. What is the units digit of j?
2
Let i = -5 + 4. Let h be i/(3/17)*-3. Let w = h 